mposite number?
True
Is 85187213 prime?
True
Is 6723499 composite?
False
Is 6237997 a prime number?
False
Is 29016733 composite?
True
Is 1282117 a prime number?
True
Is 12787267 a composite number?
False
Is 2936683 composite?
False
Is 9363335 prime?
False
Is 54549389 a composite number?
False
Is 3621643 prime?
True
Is 51887063 prime?
True
Is 64313089 a prime number?
False
Is 369248689 prime?
True
Is 121321649 prime?
True
Is 26036455 a prime number?
False
Is 2047697 a composite number?
True
Is 3159089 composite?
False
Is 3745583 prime?
False
Is 11236045 a prime number?
False
Is 952771 a composite number?
False
Is 6611671 composite?
True
Is 1679411 a composite number?
True
Is 6750541 a composite number?
True
Is 528349827 composite?
True
Is 1103243023 prime?
False
Is 175954963 composite?
False
Is 160051 composite?
True
Is 5185607 prime?
False
Is 245251 composite?
False
Is 3612001 a prime number?
False
Is 9752969 a composite number?
False
Is 76842123 a composite number?
True
Is 11146909 a prime number?
False
Is 885716873 prime?
False
Is 25195847 a composite number?
True
Is 56884223 a composite number?
True
Is 4980095 a composite number?
True
Is 16843 a prime number?
True
Is 117273229 a composite number?
True
Is 1379321 composite?
False
Is 6622601 a prime number?
True
Is 6653929 a composite number?
True
Is 285825047 prime?
True
Is 1145387 prime?
True
Is 1624093 composite?
True
Is 285443 prime?
False
Is 390606091 a prime number?
False
Is 1001580331 a prime number?
True
Is 38714171 a composite number?
False
Is 437629297 prime?
False
Is 6502981 prime?
False
Is 235097281 prime?
True
Is 62128877 composite?
True
Is 8756141 a composite number?
True
Is 926141867 prime?
False
Is 84081317 prime?
False
Is 203479 composite?
True
Is 182796879 a prime number?
False
Is 233627 a prime number?
False
Is 372223837 prime?
True
Is 234723239 prime?
True
Is 16592413 prime?
False
Is 74833157 a prime number?
False
Is 523231 a composite number?
True
Is 3230039 a prime number?
True
Is 155576753 a composite number?
False
Is 12467011 a prime number?
True
Is 968557 prime?
True
Is 9954001 a composite number?
False
Is 693047 a composite number?
True
Is 982687 a composite number?
False
Is 44184379 composite?
False
Is 788495521 prime?
False
Is 348246869 a composite number?
False
Is 4156835 prime?
False
Is 351551 a composite number?
False
Is 325939 composite?
False
Is 36178583 prime?
False
Is 22895903 prime?
True
Is 28156561 composite?
True
Is 22905889 a composite number?
True
Is 424993 prime?
False
Is 4185343 composite?
False
Is 5442781 composite?
False
Is 2510471 a prime number?
False
Is 221633465 a composite number?
True
Is 17219381 a prime number?
True
Is 2129 a prime number?
True
Is 5385533 a prime number?
False
Is 262937 a prime number?
True
Is 333299453 a composite number?
False
Is 51713 a prime number?
True
Is 2182303 prime?
True
Is 14013411 a prime number?
False
Is 2164649 composite?
True
Is 245334923 a prime number?
False
Is 12343949 composite?
False
Is 83942813 a prime number?
True
Is 325199657 prime?
False
Is 208189 a prime number?
True
Is 29918387 prime?
False
Is 9242879 a composite number?
True
Is 18084949 a composite number?
False
Is 2836849 composite?
False
Is 17793613 prime?
False
Is 37537823 prime?
True
Is 29206601 prime?
True
Is 66275011 a prime number?
False
Is 1311589 composite?
True
Is 3779914 composite?
True
Is 60822563 prime?
True
Is 55280343 a composite number?
True
Is 5158459 a composite number?
True
Is 885767 prime?
False
Is 9960893 composite?
True
Is 98711 a composite number?
False
Is 9887107 a prime number?
True
Is 8886929 a prime number?
True
Is 401611057 a prime number?
True
Is 687809 prime?
True
Is 880211 a composite number?
False
Is 172705773 a prime number?
False
Is 29626837 a prime number?
False
Is 7734646 a composite number?
True
Is 7008205 a prime number?
False
Is 71175815 composite?
True
Is 110662989 composite?
True
Is 258281683 a prime number?
False
Is 18234067 prime?
False
Is 4220111 a composite number?
True
Is 853249213 a composite number?
True
Is 1812913 prime?
False
Is 13789127 prime?
False
Is 2201807 a composite number?
False
Is 3535385089 a composite number?
False
Is 117074977 composite?
False
Is 432631 a composite number?
False
Is 146158 prime?
False
Is 21298741 composite?
False
Is 2040773 composite?
True
Is 20181209 a composite number?
False
Is 825329 a composite number?
False
Is 5145589 composite?
False
Is 12051023 prime?
True
Is 405357461 composite?
False
Is 2612171 prime?
True
Is 1836239 a composite number?
False
Is 147405331 prime?
True
Is 27658297 a composite number?
False
Is 3972671 prime?
True
Is 1144211 a composite number?
False
Is 188607907 a composite number?
True
Is 8834141 a composite number?
True
Is 2002963 a prime number?
False
Is 107054567 composite?
True
Is 4037609 a prime number?
True
Is 2784905 a composite number?
True
Is 6715077 a composite number?
True
Is 3956917 a prime number?
True
Is 338894003 composite?
True
Is 1688623 prime?
True
Is 354927473 a composite number?
False
Is 15961151 a prime number?
False
Is 3993289 prime?
False
Is 42747509 a composite number?
True
Is 1141934 a prime number?
False
Is 8311535 prime?
False
Is 2881699 a composite number?
False
Is 1151 a prime number?
True
Is 332887658 prime?
False
Is 1175651 a composite number?
False
Is 45883913 a composite number?
True
Is 501997 a prime number?
True
Is 1375981 prime?
True
Is 57749837 a composite number?
False
Is 9416137 prime?
True
Is 52786763 prime?
True
Is 18774023 composite?
True
Is 920701 a composite number?
False
Is 21144709 prime?
False
Is 166385129 prime?
True
Is 1372297 a prime number?
False
Is 3672137 a composite number?
True
Is 1213064455 composite?
True
Is 1614307 a prime number?
True
Is 55800503 a prime number?
False
Is 4021727 a prime number?
True
Is 9538261 composite?
True
Is 2348539 a prime number?
True
Is 365674727 a composite number?
True
Is 3932657 prime?
True
Is 539199749 a prime number?
False
Is 70549513 composite?
False
Is 49191173 prime?
True
Is 20909479 a composite number?
False
Is 103281821 a composite number?
False
Is 4202227 a prime number?
True
Is 67693 a prime number?
False
Is 4141661 a prime number?
False
Is 116789 composite?
False
Is 17637203 composite?
False
Is 8778473 a composite number?
True
Is 2505391 composite?
True
Is 3028997 composite?
False
Is 24063587 a composite number?
False
Is 56856505 composite?
True
Is 15344807 composite?
True
Is 13933519 composite?
False
Is 163213603 composite?
True
Is 3943807 a prime number?
False
Is 8604403 a prime number?
True
Is 41399969 a composite number?
True
Is 65018233 prime?
False
Is 6562473 composite?
True
Is 163112057 composite?
True
Is 7086511 a prime number?
True
Is 100729 a composite number?
True
Is 9356621 a prime number?
True
Is 4805029 a prime number?
False
Is 12540007 a prime number?
False
Is 1451253 composite?
True
Is 57107647 prime?
True
Is 732679655 prime?
False
Is 231294827 prime?
False
Is 4275697 prime?
False
Is 1980827 a prime number?
False
Is 5303365 a composite number?
True
Is 261752477 composite?
True
Is 34125853 composite?
True
Is 35148983 a composite number?
False
Is 31210021 a composite number?
True
Is 2791357 prime?
True
Is 17923091 composite?
True
Is 10989133 a prime number?
False
Is 2122447 a composite number?
True
Is 241699037 a prime number?
True
Is 2524061 prime?
True
Is 558757 a composite number?
False
Is 1378427 a prime number?
True
Is 11762629 prime?
True
Is 17820389 prime?
True
Is 18883201 composite?
False
Is 15226339 a prime number?
False
Is 79263929 a prime number?
False
Is 7326967 prime?
True
Is 65281585 a prime number?
False
Is 2127211 prime?
False
Is 1790543 composite?
True
Is 262927393 composite?
False
Is 4009373 a prime number?
True
Is 2967037 a prime number?
False
Is 42988789 a composite number?
True
Is 38719579 prime?
False
Is 13569053 composite?
False
Is 235638419 composite?
True
Is 59587757 a prime number?
False
Is 24232369 prime?
False
Is 1616521 prime?
False
Is 99961 prime?
True
Is 12631771 a composite number?
True
Is 46937563 a composite number?
False
Is 4992593 composite?
False
Is 205808873 a prime number?
True
Is 3343601 a composite number?
True
Is 1104767 prime?
True
Is 53528347 prime?
False
Is 13638017 a composite number?
True
